022?
11020112
In base 14, what is -a - -2691?
2685
In base 5, what is 1003303 - -1130?
1004433
In base 8, what is -327 - -27?
-300
In base 14, what is -1 - -38da8?
38da7
In base 4, what is -11 + 11213100?
11213023
In base 4, what is 121200 - 1130?
120010
In base 14, what is -8757 + 5?
-8752
In base 14, what is 199775 + 5?
19977a
In base 3, what is 1101012 - 10001012?
-1200000
In base 11, what is -4 + -26939?
-26942
In base 12, what is -3b647 - 1?
-3b648
In base 7, what is 2003 + 5?
2011
In base 8, what is 1 + -4466?
-4465
In base 12, what is 51642 - -3?
51645
In base 12, what is -1bba3 + 1?
-1bba2
In base 12, what is -2446 - 27?
-2471
In base 14, what is -3 - ab51?
-ab54
In base 12, what is 16 - -310?
326
In base 15, what is 3e7a - -2?
3e7c
In base 10, what is 87616 + -12?
87604
In base 6, what is -2303 - -303?
-2000
In base 2, what is -1100000110011010 + -1000?
-1100000110100010
In base 2, what is 111110111110100 + 110?
111110111111010
In base 4, what is -3 + 23330121?
23330112
In base 8, what is -164230 - 65?
-164315
In base 14, what is -607b - 189?
-6226
In base 9, what is 1418240 - 3?
1418236
In base 4, what is 10 + 1200213330?
1200220000
In base 6, what is -5 - -32124?
32115
In base 16, what is -5623 - -9?
-561a
In base 12, what is 23 - -287?
2aa
In base 8, what is -31 - -74143?
74112
In base 2, what is -110 + 1001000100100010?
1001000100011100
In base 5, what is 10 + -200222234?
-200222224
In base 12, what is 35b8 + 13a?
3736
In base 5, what is -42113 + 1?
-42112
In base 11, what is 126938 - -2?
12693a
In base 11, what is -1221 - -108?
-1114
In base 5, what is -3 - 101002334?
-101002342
In base 12, what is -1 - 3444aa?
-3444ab
In base 15, what is -3 - -5677a?
56777
In base 11, what is 0 + -59829?
-59829
In base 11, what is 2791a - 2?
27918
In base 7, what is 12253466 + 5?
12253504
In base 5, what is 113 - -132120?
132233
In base 5, what is 10 - -10311211?
10311221
In base 7, what is 3406406 - -13?
3406422
In base 2, what is 1001001101001 - -1011?
1001001110100
In base 11, what is 1 + -503a?
-5039
In base 2, what is 1110010010101011100 - 11?
1110010010101011001
In base 7, what is 11 - 23222?
-23211
In base 14, what is 5959c + 2?
595a0
In base 2, what is -100000011 - -1000110111?
100110100
In base 4, what is 10 - 1310201?
-1310131
In base 3, what is 2021210 + 121?
2022101
In base 3, what is -100011011 - -1021?
-100002220
In base 13, what is -a0c + a?
-a02
In base 3, what is -2022012200201 + -21?
-2022012200222
In base 9, what is 435360 - -32?
435402
In base 7, what is 4 - 126206?
-126202
In base 3, what is 211010112111 - 0?
211010112111
In base 7, what is -6106 + -6?
-6115
In base 10, what is 101 + -17885?
-17784
In base 11, what is 1062091 - -5?
1062096
In base 14, what is 22a6a + 2?
22a6c
In base 15, what is 48ec48 + -2?
48ec46
In base 12, what is 7 - -2023?
202a
In base 8, what is 0 - -36655?
36655
In base 12, what is -77 + -707?
-782
In base 5, what is -34 - 240?
-324
In base 3, what is 111201221 + 11?
111202002
In base 16, what is -17 - 2cd2?
-2ce9
In base 15, what is 2 - -4d68?
4d6a
In base 13, what is 40 + -ba?
-7a
In base 5, what is -2 + -414433?
-414440
In base 14, what is 36 + -7aa0?
-7a68
In base 2, what is -1000 + 110000010000?
110000001000
In base 4, what is 11331 - -10?
12001
In base 2, what is 1001010 - 1101001?
-11111
In base 15, what is -cc8e - 0?
-cc8e
In base 8, what is -1 + -34070?
-34071
In base 4, what is -110 - -32132?
32022
In base 5, what is 10440121 - 3?
10440113
In base 11, what is -6454 - 1?
-6455
In base 15, what is d5e - 105?
c59
In base 3, what is -1112210 + 101012?
-1011121
In base 2, what is 10 + 100001110110100000?
100001110110100010
In base 3, what is -2020 - -102211212?
102202122
In base 6, what is 1313 + 12023?
13340
In base 7, what is -2 - 11154?
-11156
In base 4, what is -20303313 - 0?
-20303313
In base 4, what is -1 + -1301203?
-1301210
In base 7, what is -56105 - -3?
-56102
In base 12, what is 1a6 - 25?
181
In base 9, what is 5580868 + -2?
5580866
In base 4, what is -11 + 1132210?
1132133
In base 16, what is 6a - -389?
3f3
In base 6, what is 4333152 - 10?
4333142
In base 4, what is 1202002 + -1?
1202001
In base 16, what is 41e - 510?
-f2
In base 4, what is 221 - 320001?
-313120
In base 11, what is 113 - a78?
-965
In base 8, what is -2 + -1016512?
-1016514
In base 11, what is a53 - -14a?
10a2
In base 13, what is -148 + -89?
-204
In base 13, what is 1569b - -16?
156b4
In base 8, what is 1 - 10073?
-10072
In base 7, what is 105 - -34?
142
In base 11, what is -1217 - 115?
-1331
In base 7, what is -31541 + 4?
-31534
In base 12, what is -2a8b - 17a?
-3049
In base 11, what is 951 - 1724?
-883
In base 14, what is 2 + -2055?
-2053
In base 9, what is 7 + 11231?
11238
In base 3, what is -120202121 - -20?
-120202101
In base 2, what is 100 - -10010110001001?
10010110001101
In base 4, what is 1233321 + -101?
1233220
In base 4, what is 312220011 - -11?
312220022
In base 13, what is -3a + 42c?
3c2
In base 8, what is -1 + 3241351?
3241350
In base 4, what is -113202332 - 3?
-113203001
In base 16, what is -658 + -1c?
-674
In base 10, what is 154 - 1220?
-1066
In base 4, what is 3223 + -231311?
-222022
In base 11, what is -2 + 23504?
23502
In base 13, what is 681576 - 4?
681572
In base 7, what is -253 + -12142?
-12425
In base 3, what is 1100 - 12212020?
-12210220
In base 7, what is -24031 + 65?
-23633
In base 10, what is 275761 - -3?
275764
In base 7, what is -3220 + -10?
-3230
In base 11, what is -183a8 + 1?
-183a7
In base 3, what is -101110 + -22012?
-200122
In base 10, what is -180376 + -2?
-180378
In base 11, what is 2842 - 1a0?
2652
In base 6, what is -412533 + -12?
-412545
In base 8, what is 501136 + 2?
501140
In base 13, what is -19 + 87?
6b
In base 8, what is -160207 + -4?
-160213
In base 12, what is -1 - -201?
200
In base 5, what is -2 + 1220024?
1220022
In base 7, what is -2 + 3261621?
3261616
In base 13, what is -1c2ba - 3?
-1c2c0
In base 7, what is 1033 + 2225?
3261
In base 4, what is -2021 + 10222?
2201
In base 16, what is 6 - -1331a?
13320
In base 14, what is -195 - 23c9?
-2580
In base 9, what is 2 - -11525?
11527
In base 8, what is -557 - -61?
-476
In base 6, what is 2120 - 35?
2041
In base 10, what is 30 + -65381?
-65351
In base 3, what is 11202201000 + 11?
11202201011
In base 4, what is 3 + 12101012?
12101021
In base 15, what is ce8 + -57?
c91
In base 13, what is -1 + -72607?
-72608
In base 7, what is 34 + -6453?
-6416
In base 6, what is 15 + 321304?
321323
In base 8, what is 150 - 4201?
-4031
In base 7, what is -42310 + 13?
-42264
In base 6, what is 34030 - 23?
34003
In base 6, what is 5121112 - -2?
5121114
In base 14, what is 6a3a1 - 1?
6a3a0
In base 5, what is -1102 - 2?
-1104
In base 10, what is -414643 + 5?
-414638
In base 11, what is -5 + -29572?
-29577
In base 14, what is -2 + 7d41?
7d3d
In base 12, what is -118 - -131?
15
In base 14, what is 33469 - -7?
33472
In base 16, what is -1b3ee - e?
-1b3fc
In base 3, what is 22012021 + -22020?
21220001
In base 7, what is -63 + 526?
433
In base 5, what is -44 - -210012?
204413
In base 14, what is -c3276 - -4?
-c3272
In base 5, what is 3 - 100223343?
-100223340
In base 3, what is 12 - 111110?
-111021
In base 12, what is -21 - 80a?
-82b
In base 12, what is -9 - 405?
-412
In base 12, what is -2 - 189668?
-18966a
In base 16, what is e + -381?
-373
In base 13, what is -b + 100b0?
100a2
In base 16, what is -19 + -c04?
-c1d
In base 9, what is 13 - -73?
86
In base 6, what is -12351515 + 5?
-12351510
In base 14, what is 4cb2 - -51?
4d23
In base 14, what is 0 + -11273?
-11273
In base 9, what is 2 - -58236?
58238
In base 16, what is -cbe4 - 1d?
-cc01
In base 16, what is 2 + 16199?
1619b
In base 6, what is 31 - 102451?
-102420
In base 6, what is 1 + -35423352?
-35423351
In base 3, what is 1 - 2210202?
-2210201
In base 4, what is 2 - 1212321?
-1212313
In base 10, what is -95 + 889?
794
In base 12, what is -8794 - -1?
-8793
In base 8, what is 102 + -1340?
-1236
In base 14, what is 4bc8 + -55?
4b73
In base 7, what is -130 + 445350?
445220
In base 10, what is 21043 - 0?
21043
In base 10, what is 3 - -16140?
16143
In base 7, what is 5 - -2265266?
2265304
In base 3, what is 11 + 1102001112?
1102001200
In base 9, what is 24 - 10237?
-10213
In base 6, what is 44443 - -